mber?
False
Is 3444337 composite?
True
Is 175378451 a composite number?
False
Is 6494361 a composite number?
True
Is 80837 a composite number?
True
Is 86901809 composite?
False
Is 294443 a composite number?
True
Is 9465661 composite?
False
Is 346576145 prime?
False
Is 3757207 a prime number?
True
Is 914807 a composite number?
True
Is 568984799 composite?
True
Is 2461189 a prime number?
False
Is 753461 a composite number?
False
Is 183903443 composite?
False
Is 1022142599 a composite number?
False
Is 5992941 composite?
True
Is 83697811 a prime number?
False
Is 32243711 prime?
False
Is 5062819 a composite number?
False
Is 5840093 composite?
True
Is 36902095 a prime number?
False
Is 1266087 composite?
True
Is 4429933 a composite number?
False
Is 22557173 prime?
False
Is 15039029 composite?
False
Is 114794195 prime?
False
Is 942911 a composite number?
True
Is 38388965 prime?
False
Is 57400667 prime?
True
Is 927344227 a prime number?
True
Is 312737591 prime?
True
Is 192455033 prime?
True
Is 6595313 prime?
True
Is 244813629 a prime number?
False
Is 41010469 a prime number?
True
Is 43158797 a prime number?
False
Is 231701 a composite number?
False
Is 82322899 composite?
False
Is 786613 composite?
False
Is 815 composite?
True
Is 5592589 a prime number?
False
Is 1543391 a composite number?
False
Is 210991 a prime number?
False
Is 98666921 composite?
False
Is 2949337 prime?
True
Is 972161 a prime number?
True
Is 518176765 a prime number?
False
Is 58014191 a composite number?
False
Is 1454485 a composite number?
True
Is 97332461 composite?
False
Is 38475359 prime?
False
Is 9869419 prime?
False
Is 3372197 a prime number?
True
Is 32501123 prime?
True
Is 71869033 prime?
True
Is 38297911 a prime number?
True
Is 59099 composite?
True
Is 10648079 prime?
False
Is 45081593 prime?
True
Is 2393221 composite?
True
Is 13521161 a prime number?
False
Is 5353949 a composite number?
False
Is 343958227 a composite number?
True
Is 120503267 composite?
False
Is 4529095 prime?
False
Is 4908311 a prime number?
True
Is 231994037 prime?
False
Is 18065087 composite?
True
Is 15487097 composite?
False
Is 180316303 prime?
True
Is 401757 a prime number?
False
Is 2003749 prime?
False
Is 9770569 a prime number?
True
Is 26743733 composite?
True
Is 18531743 a composite number?
False
Is 536086 a composite number?
True
Is 7717921 prime?
False
Is 12882062 prime?
False
Is 176101131 composite?
True
Is 1177231 prime?
False
Is 220388989 a composite number?
False
Is 2365721 a composite number?
False
Is 38218751 a composite number?
False
Is 21415067 composite?
False
Is 533227711 prime?
True
Is 30589603 a composite number?
True
Is 86747163 a prime number?
False
Is 41369623 a composite number?
False
Is 40772929 composite?
False
Is 8365655 a prime number?
False
Is 1211333 a prime number?
True
Is 346780865 prime?
False
Is 346877101 a composite number?
False
Is 7047239 prime?
True
Is 22026107 a prime number?
True
Is 32128991 a composite number?
True
Is 786239 a composite number?
True
Is 4109891 prime?
True
Is 3633055 prime?
False
Is 7293487 a prime number?
True
Is 323086483 composite?
True
Is 2870353 a prime number?
True
Is 178922974 a prime number?
False
Is 25329713 a prime number?
True
Is 4140811 composite?
False
Is 16470173 a composite number?
True
Is 518573 composite?
True
Is 6803491 prime?
True
Is 10643905 a prime number?
False
Is 77223071 prime?
True
Is 27914641 a composite number?
True
Is 542411 prime?
False
Is 5656921 prime?
True
Is 195697641 composite?
True
Is 7715173 composite?
False
Is 136508051 a composite number?
False
Is 24866579 a prime number?
True
Is 50360909 a prime number?
True
Is 3307939 prime?
True
Is 479639 a composite number?
False
Is 2874709 composite?
False
Is 4359629 composite?
False
Is 383347 a prime number?
True
Is 13150433 a prime number?
False
Is 6766211 composite?
False
Is 259066769 a composite number?
True
Is 79306867 composite?
True
Is 76547 prime?
False
Is 116595637 a composite number?
False
Is 1092383 prime?
False
Is 1436174 a prime number?
False
Is 7206098 a composite number?
True
Is 10215869 a composite number?
False
Is 13061173 a composite number?
False
Is 10119947 a prime number?
False
Is 26050945 a composite number?
True
Is 7967627 composite?
False
Is 419383 prime?
True
Is 59671193 a composite number?
True
Is 12280939 a prime number?
False
Is 64058587 prime?
False
Is 13966879 prime?
True
Is 887758201 a composite number?
True
Is 2378557 prime?
False
Is 259265917 a composite number?
False
Is 181095113 a composite number?
False
Is 446004445 a prime number?
False
Is 169178263 composite?
True
Is 124433269 composite?
False
Is 158365283 composite?
True
Is 1586677 composite?
True
Is 23255861 composite?
False
Is 1764037 prime?
False
Is 141092871 a composite number?
True
Is 1640227 composite?
True
Is 2284537 a composite number?
False
Is 9364269 prime?
False
Is 12554161 a composite number?
False
Is 87063563 composite?
False
Is 1123699 prime?
True
Is 82405699 a prime number?
True
Is 142713059 prime?
True
Is 489726013 a prime number?
False
Is 381564179 composite?
True
Is 135331705 a prime number?
False
Is 4837541 prime?
True
Is 1369281 a composite number?
True
Is 1921429 composite?
True
Is 556675069 a composite number?
False
Is 8894819 composite?
False
Is 18072557 composite?
False
Is 601529 composite?
True
Is 163760441 a prime number?
False
Is 529777 a prime number?
False
Is 90178619 a prime number?
True
Is 91294849 composite?
True
Is 62956259 composite?
False
Is 44472919 composite?
True
Is 10415767 a composite number?
False
Is 17259107 a prime number?
False
Is 3957047 a prime number?
True
Is 5409493 composite?
False
Is 27527971 prime?
True
Is 56662553 composite?
False
Is 15460781 composite?
True
Is 136654621 composite?
False
Is 31109557 a prime number?
True
Is 9312959 composite?
True
Is 7123847 composite?
False
Is 172127873 composite?
True
Is 20670047 composite?
False
Is 15378679 a composite number?
False
Is 1653827 a composite number?
True
Is 51359561 prime?
False
Is 38046427 a composite number?
False
Is 25826599 prime?
True
Is 8044847 composite?
True
Is 841837 composite?
True
Is 23557211 prime?
True
Is 685471 prime?
True
Is 1891489 composite?
False
Is 5095919 composite?
False
Is 407058569 prime?
True
Is 41109773 prime?
False
Is 193382537 composite?
False
Is 122580235 composite?
True
Is 1147649 a composite number?
True
Is 25912667 a prime number?
False
Is 18192211 a composite number?
True
Is 127669457 a prime number?
True
Is 10126813 composite?
False
Is 2181461 prime?
True
Is 7935793 a composite number?
True
Is 279263 composite?
True
Is 652618 a prime number?
False
Is 13082089 a composite number?
True
Is 7046189 a prime number?
False
Is 2921077 prime?
False
Is 5382785 a composite number?
True
Is 4097543 composite?
True
Is 131101 prime?
True
Is 193448639 a composite number?
True
Is 16996207 composite?
False
Is 513083 prime?
True
Is 29885795 a prime number?
False
Is 12359179 a composite number?
True
Is 5820599 composite?
False
Is 44967809 a prime number?
False
Is 26230213 a composite number?
False
Is 823079 a composite number?
True
Is 334519555 a prime number?
False
Is 282221 composite?
False
Is 153644237 composite?
False
Is 180777583 a composite number?
True
Is 4035719 prime?
False
Is 4883323 a composite number?
True
Is 65689687 prime?
False
Is 12973183 prime?
False
Is 3084911 composite?
False
Is 77824199 prime?
True
Is 345617677 a prime number?
True
Is 18103934 a prime number?
False
Is 160496417 composite?
True
Is 385584071 a prime number?
True
Is 7632593 composite?
False
Is 3392443 a prime number?
True
Is 3865577 a composite number?
False
Is 3179107 a composite number?
False
Is 3958547 prime?
False
Is 39626467 a prime number?
True
Is 93847597 composite?
True
Is 337738051 a composite number?
True
Is 2571697 a prime number?
True
Is 296918771 composite?
True
Is 3637871 prime?
False
Is 3240329 prime?
True
Is 102868181 a prime number?
False
Is 3479995 prime?
False
Is 77029919 a composite number?
True
Is 32567989 composite?
False
Is 64178251 a prime number?
True
Is 8969423 composite?
True
Is 70475483 composite?
True
Is 7893901 prime?
False
Is 136084789 a prime number?
True
Is 592261 prime?
True
Is 671623 a prime number?
False
Is 567917713 composite?
True
Is 47798767 a pri